e 8, what is 175 + 10?
205
In base 4, what is 11 - 2301?
-2230
In base 4, what is -323 + 3?
-320
In base 2, what is 100001100101 - 11?
100001100010
In base 6, what is -152 + -5?
-201
In base 16, what is -e - -a?
-4
In base 9, what is 60420 + -3?
60416
In base 14, what is 212a - 4?
2126
In base 8, what is -4 + -441?
-445
In base 5, what is 123 + -20?
103
In base 10, what is 597 + 4?
601
In base 14, what is 6c + b?
79
In base 15, what is 8cd + -2?
8cb
In base 11, what is -9 - -24?
16
In base 10, what is -8 + 19?
11
In base 14, what is -1c01 + -4?
-1c05
In base 16, what is 8 + a6?
ae
In base 6, what is 3355 - 0?
3355
In base 7, what is -1 - -64?
63
In base 12, what is -1839 + 4?
-1835
In base 9, what is -6 + -347?
-354
In base 13, what is -2 - 1cb?
-200
In base 6, what is -14121 + 1?
-14120
In base 4, what is 2123200 - 11?
2123123
In base 16, what is -4 - 340?
-344
In base 3, what is 10210222 + -12?
10210210
In base 5, what is -103023 + -10?
-103033
In base 3, what is 1020121 + 201?
1021022
In base 11, what is -3 - -120?
118
In base 4, what is 1 + 3203?
3210
In base 2, what is 101010010 - 100?
101001110
In base 10, what is -10 - -2382?
2372
In base 16, what is 2 + -42?
-40
In base 6, what is -131 - 5?
-140
In base 9, what is 6 + 5?
12
In base 6, what is -2114 + -4?
-2122
In base 12, what is 5 + -2811?
-2808
In base 16, what is 399 + 4?
39d
In base 6, what is 3535 - 5?
3530
In base 14, what is -1b - -6?
-15
In base 12, what is 16 + 26?
40
In base 16, what is 25 - 0?
25
In base 4, what is 1220012 - -10?
1220022
In base 10, what is 1 - 484?
-483
In base 16, what is -40 - 17?
-57
In base 12, what is 4 + 17?
1b
In base 11, what is -4 + -81a?
-823
In base 15, what is -d3 + -6?
-d9
In base 4, what is 201 - 0?
201
In base 8, what is 4 - 65?
-61
In base 9, what is 15 + 5?
21
In base 14, what is 88c2 - -5?
88c7
In base 9, what is -4 + 171?
166
In base 9, what is -6 - -78?
72
In base 2, what is 11011010 + 1000011?
100011101
In base 15, what is 16 + -4?
12
In base 14, what is 3 - -5c?
61
In base 13, what is 2 + -80?
-7b
In base 16, what is -1 - 269?
-26a
In base 15, what is 5 + b7?
bc
In base 2, what is 1 + -1100001101?
-1100001100
In base 13, what is -37 + -45?
-7c
In base 6, what is -443 - 10?
-453
In base 2, what is 10 - -10000?
10010
In base 11, what is -756 - 3?
-759
In base 13, what is 123a - 3?
1237
In base 3, what is -11 - 1001202?
-1001220
In base 10, what is -7136 - 3?
-7139
In base 8, what is -2740 - 2?
-2742
In base 14, what is 3 - -39?
3c
In base 15, what is a3 + 4?
a7
In base 3, what is 20 + -10102?
-10012
In base 2, what is -1 - -100010001011?
100010001010
In base 14, what is -3 - 20?
-23
In base 13, what is 7a3 + 4?
7a7
In base 6, what is -5133 - 5?
-5142
In base 7, what is 1341 + 2?
1343
In base 4, what is -102 - -213?
111
In base 12, what is 135 - -1?
136
In base 4, what is 22 - -1?
23
In base 8, what is -1124 + 5?
-1117
In base 11, what is -574 + -7?
-580
In base 6, what is 152 - 45?
103
In base 2, what is 100 + -111010100011?
-111010011111
In base 8, what is 6 - -427?
435
In base 8, what is 201 + 6?
207
In base 10, what is 150 + 103?
253
In base 9, what is 5 - 33?
-27
In base 6, what is -4 + 1554?
1550
In base 5, what is -1232 - -10?
-1222
In base 3, what is 2 - -20011?
20020
In base 3, what is -1100 + 112111?
111011
In base 15, what is -33e + 4?
-33a
In base 7, what is 655 - 0?
655
In base 9, what is 2218 + 1?
2220
In base 3, what is 2000 - 11?
1212
In base 4, what is 11 + -3311?
-3300
In base 15, what is -4 + -6c1?
-6c5
In base 14, what is 1c + 7?
25
In base 9, what is 0 - 20?
-20
In base 12, what is -8 + -1?
-9
In base 14, what is -44 - 58?
-9c
In base 13, what is -1 + 3c?
3b
In base 13, what is -6802 - -2?
-6800
In base 13, what is -7b - 4?
-82
In base 12, what is 1 + -61?
-60
In base 8, what is 10 + 572?
602
In base 10, what is -16 - 45?
-61
In base 6, what is 5 - -135?
144
In base 15, what is -4 + -aa?
-ae
In base 8, what is 47 - -650?
717
In base 5, what is 201 - 44?
102
In base 5, what is 1 - 2204?
-2203
In base 14, what is -1 + 1bc?
1bb
In base 7, what is 13 + -6515?
-6502
In base 16, what is -1 + -4?
-5
In base 12, what is -2 - 2b?
-31
In base 6, what is -253 - -5?
-244
In base 12, what is -4 - -57?
53
In base 16, what is -9 + 47?
3e
In base 4, what is -11 + 13103?
13032
In base 15, what is d - 0?
d
In base 8, what is -30 - -1?
-27
In base 11, what is 1599 - 0?
1599
In base 8, what is -1 + -71?
-72
In base 5, what is -1223 - 11?
-1234
In base 13, what is -14c - 10?
-15c
In base 8, what is 30337 - 0?
30337
In base 16, what is e - -10?
1e
In base 9, what is -102 - 1?
-103
In base 3, what is -2222020 + -2?
-2222022
In base 10, what is -4 + 740?
736
In base 2, what is -1 + 1010001010?
1010001001
In base 15, what is -1a - -1?
-19
In base 13, what is 49 - 62?
-16
In base 5, what is 1 - 2213?
-2212
In base 7, what is 0 - -610?
610
In base 2, what is 110 + -10111101?
-10110111
In base 16, what is 1 - -2c3?
2c4
In base 7, what is 4 - 3042?
-3035
In base 15, what is 2 - 3?
-1
In base 8, what is 61 + -13?
46
In base 10, what is -34 + 21?
-13
In base 16, what is -c0 + -2?
-c2
In base 13, what is -4bb + -5?
-4c3
In base 15, what is 5 - -4cb?
4d1
In base 12, what is -15353 - -2?
-15351
In base 2, what is 110 + -100010?
-11100
In base 15, what is 84 + -69?
1a
In base 8, what is 4 + 206?
212
In base 2, what is -1101101 + 10?
-1101011
In base 10, what is -2883 + -5?
-2888
In base 7, what is -210 + -446?
-656
In base 10, what is -179 + -4?
-183
In base 14, what is -3 + -41?
-44
In base 13, what is 2 - 521?
-51c
In base 14, what is -3 + -bac?
-bb1
In base 8, what is 41 - 1?
40
In base 6, what is 10 + -11553?
-11543
In base 15, what is -5 - -c38?
c33
In base 15, what is 18 + -3?
15
In base 4, what is -3220023 + 10?
-3220013
In base 11, what is -5 + -404?
-409
In base 5, what is -230313 + -2?
-230320
In base 16, what is -4c + -8?
-54
In base 14, what is 4 - 30?
-2a
In base 10, what is 91 + 13?
104
In base 10, what is -3012 - -7?
-3005
In base 4, what is -2 + -10010?
-10012
In base 3, what is 10 + 1120?
1200
In base 3, what is -12 + 12021?
12002
In base 4, what is 112211 + -1?
112210
In base 14, what is 120 + 1?
121
In base 9, what is -3 + 14?
11
In base 12, what is -4 - -3b8?
3b4
In base 16, what is 22 - -d?
2f
In base 9, what is 11 - -487?
508
In base 4, what is 2323 + -13?
2310
In base 2, what is 10101000111 + -101?
10101000010
In base 7, what is -562 + -2?
-564
In base 14, what is -2 + 5?
3
In base 12, what is 3 - -138?
13b
In base 13, what is -4 - 188?
-18c
In base 5, what is -4 + -2000?
-2004
In base 6, what is -5 + -111?
-120
In base 6, what is 3 + -1?
2
In base 15, what is -62b + -2?
-62d
In base 9, what is 2 - 272?
-270
In base 9, what is -1 + -3?
-4
In base 11, what is -9 - 46?
-54
In base 4, what is -22 + -31?
-113
In base 2, what is -1000101001 + 1?
-1000101000
In base 11, what is 90 + -1?
8a
In base 6, what is -5 + -443?
-452
In base 9, what is 124 - -1?
125
In base 9, what is -4 - -14?
10
In base 2, what is -1101010111 - -10?
-1101010101
In base 15, what is -10 - -9d?
8d
In base 15, what is e - -15?
24
In base 12, what is 24 - -12?
36
In base 13, what is -3 - 40?
-43
In base 16, what is 79 - -1?
7a
In base 4, what is -133 + -1032?
-1231
In base 3, what is -11 + -1000?
-1011
In base 8, what is 0 + 121?
121
In base 13, what is 2 - 29?
-27
In base 14, what is -40 - -a7?
67
In base 14, what is -173 - -9?
-168
In base 14, what is -4974 + 5?
-496d
In base 7, what is 1165 - 1?
1164
In base 8, what is -15 - 66?
-103
In base 10, what is 2 - -25?
27
In base 9, what is -10642 + -3?
-10645
In base 6, what is 5435 + -2?
5433
In base 5, what is -10 + -10420?
-10430
In base 7, what is -1102 + 1?
-1101
In base 6, what is 0 - 31?
-31
In base 11, what is 19 + 0?
19
In base 15, what is -4650 + -3?
-4653
In base 2, what is -1110000 + 1010?
-1100110
In base 8, what is 1150 - 1?
1147
In base 2, what is 1011011100100 - 100?
1011011100000
In base 16, what is -2 - -af?
ad
In base 3, what is -21011 + -2?
-21020
In base 7, what is 155 - -31?
216
In base 10, what is 3 - -128?
131
In base 9, what is -3 + -385?
-388
In base 14, what is 11 + -d?
2
In base 14, what is -5 - 50?
-55
In base 12, what is 4aa - -3?
4b1
In base 3, what is 11 + -2110?
-2022
In base 10, 